s the remainder when 84 is divided by 19?
8
What is the remainder when 83 is divided by 35?
13
Calculate the remainder when 199 is divided by 20.
19
What is the remainder when 267 is divided by 45?
42
Calculate the remainder when 330 is divided by 9.
6
Calculate the remainder when 2340 is divided by 58.
20
What is the remainder when 465 is divided by 309?
156
Calculate the remainder when 362 is divided by 61.
57
Calculate the remainder when 2309 is divided by 193.
186
What is the remainder when 135 is divided by 21?
9
Calculate the remainder when 2975 is divided by 13.
11
Calculate the remainder when 1353 is divided by 39.
27
Calculate the remainder when 152 is divided by 14.
12
What is the remainder when 149 is divided by 38?
35
Calculate the remainder when 184 is divided by 173.
11
What is the remainder when 203 is divided by 104?
99
Calculate the remainder when 2434 is divided by 29.
27
What is the remainder when 44 is divided by 2?
0
What is the remainder when 317 is divided by 135?
47
Calculate the remainder when 942 is divided by 59.
57
What is the remainder when 19829 is divided by 37?
34
Calculate the remainder when 2671 is divided by 1327.
17
What is the remainder when 331 is divided by 88?
67
What is the remainder when 73 is divided by 33?
7
Calculate the remainder when 13 is divided by 8.
5
Calculate the remainder when 508 is divided by 505.
3
Calculate the remainder when 77 is divided by 11.
0
What is the remainder when 23 is divided by 16?
7
What is the remainder when 61760 is divided by 13?
10
What is the remainder when 3374 is divided by 3?
2
Calculate the remainder when 50 is divided by 27.
23
What is the remainder when 1272 is divided by 96?
24
Calculate the remainder when 170 is divided by 43.
41
Calculate the remainder when 815 is divided by 267.
14
What is the remainder when 2635 is divided by 55?
50
Calculate the remainder when 391 is divided by 13.
1
Calculate the remainder when 14249 is divided by 30.
29
What is the remainder when 2767 is divided by 38?
31
What is the remainder when 97 is divided by 40?
17
Calculate the remainder when 536 is divided by 54.
50
What is the remainder when 1225 is divided by 401?
22
Calculate the remainder when 54 is divided by 51.
3
What is the remainder when 213 is divided by 167?
46
Calculate the remainder when 943 is divided by 314.
1
Calculate the remainder when 255 is divided by 55.
35
Calculate the remainder when 145 is divided by 26.
15
Calculate the remainder when 30239 is divided by 135.
134
Calculate the remainder when 1696 is divided by 214.
198
Calculate the remainder when 178 is divided by 62.
54
Calculate the remainder when 194 is divided by 81.
32
Calculate the remainder when 331 is divided by 14.
9
Calculate the remainder when 6827 is divided by 145.
12
What is the remainder when 2356 is divided by 18?
16
Calculate the remainder when 5682 is divided by 203.
201
Calculate the remainder when 106 is divided by 57.
49
Calculate the remainder when 63 is divided by 20.
3
What is the remainder when 59 is divided by 14?
3
What is the remainder when 119 is divided by 30?
29
Calculate the remainder when 670 is divided by 56.
54
Calculate the remainder when 403 is divided by 45.
43
What is the remainder when 1186 is divided by 387?
25
Calculate the remainder when 586 is divided by 31.
28
Calculate the remainder when 6695 is divided by 50.
45
Calculate the remainder when 45 is divided by 38.
7
What is the remainder when 159 is divided by 40?
39
What is the remainder when 937 is divided by 10?
7
Calculate the remainder when 2266 is divided by 84.
82
Calculate the remainder when 59 is divided by 11.
4
Calculate the remainder when 219 is divided by 84.
51
What is the remainder when 200 is divided by 12?
8
Calculate the remainder when 185 is divided by 31.
30
Calculate the remainder when 738 is divided by 124.
118
Calculate the remainder when 303 is divided by 2.
1
What is the remainder when 713 is divided by 49?
27
What is the remainder when 1440 is divided by 162?
144
What is the remainder when 1196 is divided by 39?
26
Calculate the remainder when 222 is divided by 14.
12
What is the remainder when 1978 is divided by 18?
16
What is the remainder when 2022 is divided by 49?
13
What is the remainder when 5470 is divided by 152?
150
What is the remainder when 119 is divided by 64?
55
Calculate the remainder when 516 is divided by 96.
36
Calculate the remainder when 26 is divided by 12.
2
What is the remainder when 236 is divided by 77?
5
Calculate the remainder when 652 is divided by 109.
107
Calculate the remainder when 38 is divided by 17.
4
Calculate the remainder when 7478 is divided by 58.
54
What is the remainder when 1208 is divided by 300?
8
What is the remainder when 199 is divided by 62?
13
What is the remainder when 2420 is divided by 182?
54
Calculate the remainder when 5861 is divided by 325.
11
Calculate the remainder when 1803 is divided by 53.
1
Calculate the remainder when 1531 is divided by 562.
407
What is the remainder when 186 is divided by 47?
45
Calculate the remainder when 13152 is divided by 15.
12
What is the remainder when 3639 is divided by 56?
55
What is the remainder when 3319 is divided by 95?
89
What is the remainder when 119 is divided by 69?
50
Calculate the remainder when 4386 is divided by 36.
30
What is the remainder when 1111 is divided by 1107?
4
Calculate the remainder when 236 is divided by 219.
17
What is the remainder when 304 is divided by 151?
2
Calculate the remainder when 1178 is divided by 11.
1
What is the remainder when 90 is divided by 13?
12
What is the remainder when 29 is divided by 8?
5
What is the remainder when 565 is divided by 72?
61
What is the remainder when 272 is divided by 26?
12
Calculate the remainder when 375 is divided by 63.
60
Calculate the remainder when 128 is divided by 12.
8
Calculate the remainder when 328 is divided by 84.
76
What is the remainder when 555 is divided by 8?
3
What is the remainder when 418 is divided by 28?
26
Calculate the remainder when 144 is divided by 30.
24
Calculate the remainder when 141 is divided by 121.
20
Calculate the remainder when 130 is divided by 46.
38
What is the remainder when 126 is divided by 50?
26
Calculate the remainder when 331 is divided by 16.
11
What is the remainder when 5807 is divided by 24?
23
Calculate the remainder when 526 is divided by 88.
86
What is the remainder when 405 is divided by 5?
0
What is the remainder when 2227 is divided by 4?
3
Calculate the remainder when 125 is divided by 15.
5
Calculate the remainder when 1534 is divided by 32.
30
Calculate the remainder when 2164 is divided by 57.
55
What is the remainder when 834 is divided by 425?
409
What is the remainder when 645 is divided by 6?
3
Calculate the remainder when 644 is divided by 36.
32
Calculate the remainder when 198 is divided by 23.
14
Calculate the remainder when 473 is divided by 121.
110
Calculate the remainder when 138 is divided by 50.
38
Calculate the remainder when 402 is divided by 31.
30
What is the remainder when 1069 is divided by 270?
259
Calculate the remainder when 47 is divided by 12.
11
Calculate the remainder when 636 is divided by 58.
56
What is the remainder when 3808 is divided by 181?
7
Calculate the remainder when 352 is divided by 34.
12
Calculate the remainder when 345 is divided by 32.
25
Calculate the remainder when 524 is divided by 63.
20
Calculate the remainder when 124 is divided by 63.
61
Calculate the remainder when 177 is divided by 4.
1
Calculate the remainder when 150 is divided by 22.
18
Calculate the remainder when 140 is divided by 72.
68
Calculate the remainder when 187 is divided by 167.
20
Calculate the remainder when 905 is divided by 221.
21
What is the remainder when 75 is divided by 20?
15
Calculate the remainder when 1444 is divided by 181.
177
What is the remainder when 446 is divided by 157?
132
Calculate the remainder when 940 is divided by 55.
5
What is the remainder when 1064 is divided by 71?
70
Calculate the remainder when 64 is divided by 14.
8
Calculate the remainder when 564 is divided by 48.
36
What is the remainder when 3710 is divided by 16?
14
Calculate the remainder when 38 is divided by 3.
2
Calculate the remainder when 189 